t is the value of 6 - (5 + 2) - -4?
3
(3 - 4 - 3) + 8
4
0 + (10 - (2 + 0) - 10)
-2
1 - (13 + 3) - -10
-5
What is (0 - (-4 - -2)) + (22 - 20)?
4
7 + (-13 + 12 - (-2 + 2))
6
What is the value of (2 - 9) + 1 - (13 + -13)?
-6
Evaluate 4 - (-1 - -8) - -8.
5
Calculate 15 + (4 - 16) + 5.
8
Calculate (-2 - (-4 + 2) - -4) + -8.
-4
What is -1 + 0 + (-13 - (-4 + -8))?
-2
What is the value of -18 + 9 - -11 - (-1 + 6)?
-3
Evaluate 30 + -30 - (-1 + 2 + -2).
1
What is (-9 - -3) + (1 + -1 - -2)?
-4
Calculate -1 - (1 + -3) - (14 + -10).
-3
What is -3 + 0 + (-1 - -3) + -2?
-3
Calculate 0 + -3 + (-3 - 2 - -3).
-5
What is -4 - (2 - -2 - 9)?
1
Evaluate 1 + (3 + 1 - 0).
5
Calculate 1 + 0 - 5 - (34 - 35).
-3
What is the value of 3 - (0 - 1) - 5 - 2?
-3
What is (-3 - 6 - -7) + (3 - 1)?
0
What is -6 + 0 + -2 + 137 + -127?
2
What is 8 + 0 + -1 - 7?
0
Calculate 4 - 1 - (11 + -14).
6
-3 + 1 + (-7 - -5 - -4)
0
12 + (-11 - -5 - 4)
2
Evaluate (-1 - (4 + -8)) + 4.
7
0 + -2 - (-18 + 19) - 1
-4
Calculate (10 - 13) + (1 - -1 - -6).
5
What is the value of (-7 - (-7 + -3)) + -8 + 4?
-1
What is (0 - 0) + (-1 - 4) + 3?
-2
-1 + (2 - (-3 + 0)) + -1
3
-4 - (0 + 3 - 10)
3
10 - 8 - (-4 - -12)
-6
Evaluate (-10 - -4) + 7 + 1 + 2.
4
What is the value of -13 + 1 + (10 - (25 + -18))?
-9
What is the value of -20 + -3 + 11 + 7?
-5
Evaluate 1 - 3 - (2 + 1 + -4).
-1
What is -4 + 17 + (-10 - -5) + -5?
3
-21 - -14 - (-9 + -2)
4
3 + -4 - (-2 + -1)
2
Calculate 1 - (-1 - 3) - (2 + 0).
3
-3 - (4 + (-5 - (3 + 2)))
3
Calculate 0 - (1 + 1) - (2 + -9).
5
Evaluate -5 - (2 - (5 + 1)).
-1
What is -7 + -1 + 5 + 5?
2
What is the value of -3 + (4 + -7 - 0)?
-6
Evaluate 11 - 19 - -9 - 9.
-8
-2 - -6 - -1 - 11
-6
What is the value of 7 + (-3 - 3) + -1?
0
What is (-4 - 0) + 1 + -5 - -3?
-5
Calculate -17 + 9 - -9 - (-2 - 0).
3
6 + -4 + -4 - (5 - 4)
-3
What is the value of -1 + 2 - (-10 + 17 + -11)?
5
What is -2 + (1 - 5) + 6?
0
(-22 - -21) + (-3 - (-3 + 1))
-2
What is -2 - (-5 - -7) - (0 - -1)?
-5
What is -8 + -4 - (-9 + 1)?
-4
Evaluate -8 - (0 - 0) - (1 + -4).
-5
Evaluate 0 + 4 + (-13 + 29 - 16).
4
Calculate (-5 + 4 + 1 - 1) + 5.
4
Calculate 13 + -19 - (1 + -12).
5
What is the value of -6 + (-3 - 0) + 2 + 2?
-5
Calculate -6 + -5 + 7 + 1.
-3
Calculate (-7 - (-1 + 4)) + 1.
-9
What is the value of -3 + 13 + (3 - 9) + 3?
7
Calculate 3 - ((-25 - -21) + (-1 - -6)).
2
What is -3 + -2 + 7 + -6 + 0?
-4
What is -1 + (-7 - -4) + 1 + 6?
3
-14 + 11 + (3 - -1) - 3
-2
Evaluate -3 + (-2 - -6) + -6.
-5
Calculate (6 - (8 + -7)) + -9.
-4
Evaluate 14 - (4 + -6 + 11).
5
What is the value of -3 + -2 + -4 + 5 - -13?
9
(-1 - -6) + -4 + (1 - -1)
3
Evaluate -2 - ((-1 - 3) + -2).
4
(-2 - (-3 + (6 - 4))) + -3
-4
What is the value of (4 - 3) + (1 - -1)?
3
What is the value of 2 + 1 - (-13 - -25 - 6)?
-3
What is the value of 1 + -1 + 4 + (-16 - -11)?
-1
What is the value of 8 - (-3 - (-4 + -5))?
2
-4 + -1 + 5 + (1 - 4)
-3
Calculate -2 + -1 - (42 + -43).
-2
Evaluate 10 - (-5 - 3 - -10).
8
What is the value of (-4 - (-3 - 0)) + 1 + 2?
2
What is the value of 2 + (2 - 14) + 5?
-5
Evaluate -1 - -3 - 5 - 3.
-6
(-2 - -13) + -10 + 3
4
Evaluate -4 + (-4 - -3 - -5) + -5.
-5
Evaluate 5 + -2 + -1 + 2.
4
What is the value of (-13 - -5 - -8) + -5?
-5
What is the value of 0 + (-2 + 0 - (-10 + 7))?
1
Evaluate (2 + -3 - -7) + 1 + -4.
3
(10 - (-4 - -18)) + 2 + -4
-6
Evaluate 9 + 4 + -2 + -3.
8
What is the value of -2 + -3 + 31 + -27?
-1
Calculate -2 - (-2 - -3) - 1.
-4
Calculate 0 - 1 - (7 + -15 - -7).
0
What is the value of 7 + -10 + 5 + 0 + -5?
-3
Calculate -23 + 25 - (1 + -3 - 0).
4
What is (-16 - -5) + (2 - -3)?
-6
Calculate 8 - (-4 + 2 + 7).
3
What is the value of 8 + -3 + 3 + -3 + -7?
-2
-2 + (4 - ((5 - 5) + 4))
-2
What is the value of -10 - (-21 + 11) - 5?
-5
What is -2 + -2 - (0 + 1 + -4)?
-1
What is 5 + -2 + -6 + (14 - 2)?
9
Evaluate 0 - 1 - (-6 + 1).
4
What is (1 - 0) + 2 + -1?
2
Calculate -3 + (56 + -47 - (-1 + 2)).
5
What is 7 - (9 + 11 + -18)?
5
Evaluate 5 + -7 - (0 + (7 - 6)).
-3
-4 + (-4 - -4) + 2 - -2
0
Evaluate -7 + -5 + (3 - -3).
-6
What is 0 - (1 - 6 - -3)?
2
Calculate 2 - (-6 + -1 + (2 - -2)).
5
What is the value of 4 + -1 - (2 + 0)?
1
Evaluate (-2 - 1) + (6 + -4 - 0).
-1
Evaluate 3 - 1 - (-90 - -83).
9
What is -3 - (4 + -8 + -3)?
4
(-1 - -4) + 6 + (-5 - 4)
0
What is 3 + -8 - -2 - -2?
-1
Calculate 2 + (-6 - -10) + -2 + 1.
5
What is 6 - (15 - 7) - -5?
3
What is (1 - 2) + -15 + (3 - -4)?
-9
What is the value of -7 - (-5 - (-1 + -3 + 0))?
-6
What is 0 + 9 + -98 + 87?
-2
Calculate 0 + 4 + 3 + -8.
-1
6 + -12 + (-1 - -2)
-5
What is 3 + -11 - -8 - 4?
-4
What is the value of -5 + 4 + 4 + -1 - -2?
4
-3 + 0 + (1 - (1 - 7))
4
Evaluate (1 + 3 - -3) + -3.
4
What is (17 + -14 - -2) + -13?
-8
What is 0 + 2 + 3 + (9 - 18)?
-4
Calculate (-3 - -10) + -5 - 1.
1
Evaluate 1 + 17 + -6 + -16.
-4
What is the value of (-2 - (9 + -10)) + 7?
6
Evaluate (4 + -4 - -11) + -9.
2
-1 + 2 - 1 - -1
1
What is -1 + 2 + 9 + -16?
-6
Evaluate 6 - (-6 + 15 + -5).
2
What is 15 + -18 + (5 - (1 - 0))?
1
What is the value of 35 + -37 + (0 + 0 - 2)?
-4
What is the value of -13 - (8 + (-28 - -13))?
-6
What is (-13 - (2 + 0)) + 6?
-9
What is the value of 0 + 2 - (5 - (0 - 0))?
-3
What is -2 - (0 + 1 + 0)?
-3
Calculate 4 + 10 + 4 + -11.
7
What is the value of (0 - -2 - 0) + 16 + -18?
0
Evaluate 0 + (-6 - 1 - -8).
1
Evaluate -1 + -4 + 17 + -5.
7
What is the value of 5 + (5 - (-2 + 4 + 4))?
4
3 + -1 + 3 + -99 + 102
8
What is the value of 4 - (-1 - 4 - -4)?
5
What is 4 - ((5 - 11) + -1 + 19)?
-8
What is 6 + -4 + 2 + 2?
6
0 + 4 - 4 - 2
-2
Calculate -25 - -17 - (-2 - 1).
-5
Evaluate (5 - (7 + -4)) + 2 + -9.
-5
Evaluate 7 + 1 + -8 - (1 + 0).
-1
7 + -4 + 4 + -2
5
What is the value of (0 - ((2 - 4) + 4)) + -1?
-3
-26 + 17 + (4 - (-3 + 3))
-5
Calculate 10 + 0 + 20 + -20 - 5.
5
Calculate -5 - (1 + (-1 - 1)).
-4
Calculate -2 + (-2 + -1 + -3 - -4).
-4
Calculate 10 + 0 + (-4 - -3).
9
What is the value of -4 + 2 + -10 + (15 - 7)?
-4
Evaluate -5 + (9 + 4 - 15).
-7
(-5 - -14) + (-4 - 0) - 6
-1
What is 7 - (4 - (10 + 7 + -14))?
6
Calculate 7 + (-22 - (4 - 14)).
-5
What is the value of (-3 - 0) + 3 + -3?
-3
Evaluate 8 - (-5 + 9) - 5.
-1
Calculate 0 + 7 + -11 + -2.
-6
-1 + 0 + 3 + 3
5
Evaluate -6 - (1 - -1) - (-6 - -3).
-5
What is (-4 - (-2 + -1)) + 2?
1
Evaluate -2 + -4 + 6 - 1.
-1
Evaluate -10 - (-5 - (2 - 2)).
-5
Evaluate 0 + (1 - 0) - (11 - 9).
-1
What is the value of -1 + 10 + 1 + 270 + -277?
3
What is the value of (-9 - -1) + 3 + 2?
-3
What is (-2 - -1) + -2 - (2 + -8)?
3
What is -1 + 2 - (4 + 4)?
-7
Evaluate (0 - -3) + 11 + -6 + -5.
3
(2 - 2 - 1) + 39 + -41
-3
Evaluate 7 + (-5 - (-11 + (7 - -1))).
5
What is -3 + 0 + (4 - 5) + 9?
5
(-4 + -1 - -3) + -3
-5
Evaluate -1 + -1 + -66 + 62.
-6
What is the value of 6 - (24 + -21 - (2 + 0))?
5
What is the value of 2 - (4 - (6 + 5))?
9
Calculate (3 - 2) + 1 + -1.
1
Evaluate 4 + (1 - (-1 - -3)) + -6.
-3
Calculate 10 + -8 + 3 + 1.
6
What is 1 + 4 + -4 - 5?
-4
Calculate 9 + -8 + 3 - 3.
1
What is 5 + (1 - (4 - 1 - 0))?
3
Evaluate 3 - -4 - (-9 + 14).
2
Calculate 3 + 9 + -3 + -8.
1
Evaluate 1 - (-3 + -5) - 9.
0
What is the value of -3 - -6 - 0 - (0 + 1)?
2
What is the value of 10 + -2 + -4 + -2?
2
What is 7 - (1 + -2) - (-10 - -16)?
2
7 + 2 + -3 - 4
2
What is the value of (-3 + 2 - -9) + (0 - 5)?
3
What is the value of (-1 - -1) + -4 - (-4 - 1)?
1
What is 11 - 2 - (3 + 3 + -2)?
5
What is the value of 1 + 2 + -3 + (0 - -1)?
1
Evaluate 0 + -8 - ((-3 - 3) + 1).
-3
4 + (8 - 3 - 14)
-5
Calculate -1 - (-4 + 4 - -4 - 11).
6
What is the value of (-6 - -8) + -1 - -2?
3
Calculate -5 - (-10 + (-1 - -1)).
5
Evaluate 1 - (3 + -2 - -2) - -2.
0
What is (-2 + -2 + 6 - 14) + 5?
-7
Calculate 7 - (5 - (0 - -1)).
3
What is (45 - 38) + (-2 - -2) + 1?
8
What is the value of -8 + -1 + 8 + -2?
-3
Evaluate -1 + -4 - (-12 - 1 - -9).
-1
Calculate 3 + (-3 - 0 - (1 + 0)).
-1
What is the value of 6 + -1 - (1 + 3 + -3)?
4
Calculate (8 - 15) + 6 - -6.
5
What is the value of -2 + (6 + -6 - -6) - 1?
3
-4 - (-9 - (2 - 5))
2
Calculate (-11 - -20) + -10 - 2.
-3
Calculate 10 - (8 - (11 - 8)).
5
Evaluate 3 + (-4 - 4) - (0 - -1).
-6
-4 + (2 - -2) - -2
2
Calculate 2 + 0 + 0 - (3 + 1).
-2
Evaluate 2 + -4 + -13 + 10.
-5
Evaluate -7 + 9 + -2 + 1.
1
Calculate 39 - 41 - ((-2 - 2) + 0).
2
1 - (5 + (5 - 9)) - -5